-5*n + i - a = 0, 2*n + 12 = 2*i + 2*i. Suppose 4*z = n, 7*z = 2*l + 2*z - 3386. Is l composite?
False
Let f(j) = 17*j**2 + 5*j - 11. Let p(r) = -r - 1. Let s(i) = 3. Let m(v) = -2*p(v) - 2*s(v). Let d be m(5). Is f(d) a composite number?
False
Let g be ((-90)/(-24))/(-2 + 129/60). Suppose -61555 = -g*j + 20*j. Is j composite?
True
Let b(r) = -r**3 + 22*r**2 + r - 22. Let h be b(22). Let d be (7 - 0)*(294 + 4 - h). Let f = d + -823. Is f a composite number?
True
Let w(a) = -a**3 + 14*a**2 - 17*a - 68. Let z be w(12). Is z/24 - 49863/(-9) prime?
False
Is 7080 + -5 + (-19 - -5) a prime number?
False
Suppose 16*g = 19*g - w - 11, 5*g - 9 = -3*w. Suppose 0 = -5*d - g*f + 48241, -46*d - 3*f = -48*d + 19288. Is d prime?
False
Let d(r) = -716*r + 54. Let w(i) = 26*i**2 + 132*i - 7. Let b be w(-5). Is d(b) prime?
False
Suppose 0 = -3*t - 5*t + 24. Suppose -t*g - 11 = -5. Is g/12 - (-4715)/30 a composite number?
False
Is (-136)/(-51)*-3 - (0 + -179745) prime?
True
Let s be -1*(-15 + 9 - -5). Is s + -10 - (1 + -4281) a composite number?
False
Is -1 + 11295 + (11 - (-25)/(150/(-108))) a composite number?
False
Let x(r) = -12*r + 20419. Let t = -3 - -3. Is x(t) a prime number?
False
Suppose -20 = -5*j - 0*j - 0*j. Suppose -3*k = -0*k. Suppose -4*c = -5*p - 981, -2*c + j*p = -k*p - 498. Is c prime?
True
Let i = 272 + -267. Suppose -4*l + 29841 = 2*v - 3*l, -i*l - 14948 = -v. Is v composite?
False
Let p = -3 + 4. Let u(k) = 3*k**2 - k. Let m be u(p). Suppose -31 = -n - 5*j + 272, -m*j - 289 = -n. Is n prime?
True
Let t = -4273 + 22787. Let j = -9515 + t. Is j a prime number?
True
Suppose -4*s + 223983 + 97958 = -3*z, -4*z - 241447 = -3*s. Is s a composite number?
False
Suppose -4*v = 5*q - 3*v - 2435, 5*v = 0. Let c = 1058 - q. Is c a composite number?
False
Let a be (-35)/5 - (-7 + 0). Suppose a = -4*u + 5*q + 637, -q - 332 + 1150 = 5*u. Is u composite?
False
Suppose -m - 3 = -8. Suppose -2*t + 486 = -m*t. Let a = t - -541. Is a a composite number?
False
Let h be 6/(54/(-39)) + (-2)/(-6). Is (-499)/(h - 38/(-10)) a prime number?
False
Let u = -613 + 535. Let r = -27 - u. Is r prime?
False
Suppose 61*a + 893839 = 3075380 + 1435332. Is a a composite number?
True
Let c = -149 + 144. Is (-6 - c)*-2 + 4367 a prime number?
False
Let t(p) be the first derivative of 487*p**2/2 + p - 77. Is t(4) a composite number?
False
Let k(s) = s**2 + 16*s + 28. Let t be k(-14). Suppose t = -5*a - 3*r + 88930, 26*a - 2*r + 71142 = 30*a. Is a prime?
True
Suppose -52469*y + 102731087 = -52446*y. Is y composite?
False
Suppose -3593*p = -3666*p + 90279319. Is p composite?
True
Suppose -8*o = -5*o - 996. Let c = 173 - 320. Let g = o - c. Is g a prime number?
True
Let h be (198/77)/(6/71624). Is 15/25 + h/15 a prime number?
False
Let d(f) = -30*f - 55. Let h be 6 + (-5 - -3) + (-18 - 1). Is d(h) a prime number?
False
Suppose -7*a - 6*a = -32*a + 798817. Is a a prime number?
True
Suppose 0 + 15 = 3*v. Suppose -4*j + 3*n + 4628 = 0, -6*j + j + v*n + 5790 = 0. Let d = j - 751. Is d prime?
False
Let n = -6742 - -73526. Suppose -n = -15*k + 94841. Suppose 4*t - k = -2131. Is t prime?
True
Let l = 17 + -14. Suppose 6*v = l*v + 6. Suppose -1004 = -4*m + 5*g, -v*m = 2*g - 417 - 85. Is m a prime number?
True
Suppose -172*j = 31*j - 3219377. Is j prime?
True
Let g(h) = h**2 - 7*h + 10. Let c be g(6). Let d be c/(-10)*-5 + -7. Is 1574/(-4)*(30/d + 4) prime?
True
Let t = 143 + -51. Let m(x) = -112*x - 103 - 42 + t. Is m(-9) a prime number?
False
Let b be 4/(-32) + 89/8. Suppose 5837 = b*y - 5262. Is y composite?
False
Let f = 46 + -41. Suppose f*i - 19 = 16. Suppose 0*c + 4487 = i*c. Is c a composite number?
False
Is (150/4 - 17)*4534/1 composite?
True
Suppose -16438 = -2*x - p, 4*x + x - 5*p - 41095 = 0. Is x a composite number?
False
Let l(j) = -458*j - 1597. Is l(-12) composite?
True
Suppose -2*z = -2557 - 2851. Let k = z + -1167. Is k prime?
False
Let t(a) = -a**2 + 3*a. Let y be t(-4). Let w(f) = 2*f**2 + 39*f - 45. Is w(y) a prime number?
True
Is (-1606 + 22)*-1 + 19 a composite number?
True
Let u = 1276 - 2660. Let v = u + 4269. Is v prime?
False
Let j be 6/12*(-70)/(-7). Suppose j*d - 7580 = 4085. Is d composite?
False
Suppose -5623349 = -39*s - 34*s + 14*s. Is s composite?
False
Is -9 - ((6 - 5) + -213650) - (5 - 2) prime?
True
Let y(v) = 57*v**2 - 2*v + 182. Is y(11) a composite number?
False
Suppose 1448 = s + 4*p - 2535, -2*s + 7981 = 5*p. Let i = s + -2681. Is i a prime number?
False
Suppose -158*p = 153*p - 23*p - 60458976. Is p composite?
False
Let k = -9 - -15. Let p be (12/(-4) - -10) + k/2. Suppose -9*l = -p*l + 317. Is l prime?
True
Suppose 10*y = y. Suppose -3*k - a = -19645, y = k + 3*k - 2*a - 26180. Is k prime?
True
Suppose 2*f - 2*i + 0*i - 1084 = 0, 4*i - 4 = 0. Suppose n - f - 494 = 0. Is n a composite number?
True
Suppose -5*u + 50 + 59 = -4*g, -64 = -3*u + g. Is (-28716)/(-8)*14/u composite?
False
Suppose 4*u - 3*u = 5. Suppose -5 = u*m, 4*m + 437 + 205 = 2*a. Is a a prime number?
False
Let u(w) = 28*w**2 + w + 5. Suppose -3*b = 3*a + b - 3, 4*a - 3*b = -21. Is u(a) prime?
False
Let t(l) = -4*l + 3. Let s be t(-5). Let n(a) = -a**3 + 21*a**2 + 46*a + 6. Let c be n(s). Is c/21 - 30942/(-42) a prime number?
False
Let a(q) = -4*q + 5. Let i be a(0). Suppose 4*p = -5*t + 7641, 971 = -i*t - p + 8615. Let w = t - 732. Is w a composite number?
False
Let u(y) = 285*y**2 + 51*y + 191. Is u(-7) prime?
True
Let x be (-6)/14 - (117/21 + 2). Let z(b) = b - 5. Let l be z(x). Let w(f) = f**2 + f + 3. Is w(l) a composite number?
True
Let c = 29363 + 74670. Is c a prime number?
True
Suppose 11*h - y = 13*h - 23, -5*y = -15. Let l(x) = 150*x - 29. Is l(h) a prime number?
True
Let a = 4813 - 2910. Is a a composite number?
True
Let w = -4 - -8. Suppose w*a - 5*a = 102. Is (1 + 18)*a/(-6) composite?
True
Let o be 2/(-8) - 826/56. Let g be (2 - (-30)/(-9))/(10/o). Is 3 - (g - (-5)/((-15)/1182)) a composite number?
True
Suppose 4*k = -3*k + 63. Let d be 36/(-20)*(-15)/k. Suppose 0 = -2*j + j + 4*f + 545, -3*f = d*j - 1680. Is j a composite number?
False
Let x(l) be the third derivative of -l**4/8 + 11*l**3/6 - 2*l**2. Let w be x(4). Is 5 + -2 + w + 0 + 81 composite?
False
Is 269981150/400 + 5/40 a prime number?
True
Let o be (((-8)/(-10))/(-1))/((-2)/10). Suppose 0*i + 16 = -5*f + o*i, -4*f - i = -4. Suppose -7*a + 2440 + 3769 = f. Is a prime?
True
Let f be 2/9 + 9/((-405)/(-54890)). Suppose -5*j - 12*w + 7*w = -1525, 0 = -4*j + 4*w + f. Is j a composite number?
True
Let n(w) = 622*w**2 + 62 + 495*w**2 + 10*w - 322*w**2 + 16. Is n(-5) a composite number?
True
Let m = 90 + -86. Let o = m + 24. Is (((-76)/o - 0) + 3)*371 a prime number?
False
Suppose -2*y - 7 = -4*l + 1, 0 = -2*y + 8. Suppose -5*m + 6 = -2*k, 2 + 0 = 5*m - l*k. Suppose -m*w - 2 = 0, 5*w + 7832 = -f + 4*f. Is f composite?
False
Let a be (6/(-3))/((-60)/(-18) - 4). Suppose a*b + 2*m = 11223, -m = 2*b + 2*b - 14959. Is b a prime number?
True
Let b(p) = 6*p - 17. Let j be b(3). Let n be (-1 + 8135/(-15))/(j/(-3)). Suppose -35*k + 30*k + n = 0. Is k a composite number?
True
Let i be (-4 - 348/(-28)) + (-8)/(-14). Suppose 0 = -i*s - 17 - 73. Is (-223)/(-4)*(-5)/(s/16) a prime number?
False
Let g(s) = -471*s**3 + 2*s + 1. Let p be g(-1). Let f = 11412 - 4367. Suppose 5*k - f = -p. Is k a prime number?
False
Suppose y - w = 59103, -y = -421*w + 419*w - 59099. Is y a composite number?
False
Suppose -30 = -5*w - 15. Suppose -w*n - 1004 = -2684. Suppose -3*m + 4*b = 50 - n, -4*b = 5*m - 818. Is m a composite number?
True
Let l = -206 - -211. Suppose p - 351 - 211 = -l*x, 0 = 3*x + 4*p - 327. Is x a composite number?
False
Let l be (-4)/8 + (-9)/6. Let y = 27 + -20. Is (-1)/(2895/(-10059) - l/y) prime?
True
Suppose 0 = 3446*y - 3462*y + 160912. Is y a composite number?
True
Suppose 29561002 = 36*s + 46*s - 8*s. Is s composite?
False
Let z(h) = -5136*h - 157. Let s be z(-20). Suppose s + 15895 = 9*x. Is x composite?
True
Let t be (14 + 1354)*(1 - 2/1). Let d = t - -2629. Is d a composite number?
True
Let v be (4/8)/(1/218). Let t = v - 110. Is 1650 + 1 + t + 5 composite?
True
Suppose 3*c = n - 4*n + 28311, 2*c = 3*n + 18864. Suppose l = 2*r - 0*l - 3777, 0 = -5*r + 4*l + c. Suppose 0 = -2*g + r + 247. Is g a composite number?
False
I